base 2?
11
6 (base 10) to base 15
6
What is -117 (base 14) in base 6?
-1001
What is 1 (base 9) in base 15?
1
72 (base 14) to base 11
91
Convert 1000010 (base 2) to base 4.
1002
48 (base 9) to base 3
1122
-10 (base 3) to base 16
-3
9 (base 14) to base 9
10
What is -212 (base 3) in base 15?
-18
Convert 8 (base 11) to base 6.
12
Convert 1101 (base 2) to base 3.
111
What is 0 (base 12) in base 13?
0
Convert 11112 (base 3) to base 11.
101
Convert -46 (base 8) to base 15.
-28
Convert -201 (base 4) to base 12.
-29
233 (base 4) to base 6
115
14 (base 7) to base 8
13
Convert 2 (base 7) to base 11.
2
What is 10000 (base 2) in base 12?
14
What is 72 (base 14) in base 2?
1100100
Convert -46 (base 12) to base 14.
-3c
Convert -1 (base 12) to base 11.
-1
Convert -172 (base 8) to base 13.
-95
What is 10 (base 2) in base 3?
2
Convert -1 (base 3) to base 7.
-1
Convert -11011011 (base 2) to base 5.
-1334
1 (base 2) to base 15
1
-1111 (base 3) to base 13
-31
-ae (base 15) to base 4
-2210
Convert 4 (base 16) to base 9.
4
-366 (base 8) to base 2
-11110110
What is 1111 (base 2) in base 7?
21
0 (base 7) to base 4
0
Convert -2 (base 14) to base 5.
-2
Convert -8 (base 12) to base 13.
-8
What is 2 (base 4) in base 13?
2
Convert db (base 16) to base 15.
e9
Convert -232 (base 4) to base 3.
-1201
3 (base 9) to base 8
3
What is 101 (base 2) in base 15?
5
34 (base 14) to base 7
64
What is -2 (base 9) in base 2?
-10
Convert 44 (base 8) to base 9.
40
-111 (base 2) to base 10
-7
-1001 (base 3) to base 6
-44
Convert -1 (base 8) to base 13.
-1
What is 0 (base 15) in base 6?
0
What is 19 (base 10) in base 3?
201
-1021 (base 4) to base 5
-243
Convert -2 (base 6) to base 16.
-2
Convert -5 (base 9) to base 8.
-5
-7 (base 8) to base 12
-7
51 (base 11) to base 14
40
-4 (base 14) to base 7
-4
0 (base 6) to base 5
0
202 (base 6) to base 5
244
What is 2 (base 10) in base 13?
2
What is -c (base 14) in base 5?
-22
Convert 112 (base 6) to base 16.
2c
Convert 8 (base 14) to base 10.
8
2 (base 11) to base 10
2
1 (base 6) to base 16
1
-13 (base 12) to base 8
-17
What is -1 (base 16) in base 5?
-1
102 (base 4) to base 9
20
What is 0 (base 9) in base 3?
0
What is -100101 (base 2) in base 4?
-211
46 (base 14) to base 3
2022
Convert 2d (base 14) to base 7.
56
What is -e (base 15) in base 13?
-11
Convert 69 (base 12) to base 5.
311
Convert 21 (base 12) to base 11.
23
What is -223 (base 6) in base 3?
-10020
-19 (base 13) to base 9
-24
Convert 2 (base 12) to base 3.
2
Convert 75 (base 9) to base 8.
104
7 (base 8) to base 7
10
Convert -152 (base 6) to base 3.
-2112
What is -4 (base 16) in base 14?
-4
-175 (base 10) to base 2
-10101111
Convert -15 (base 10) to base 16.
-f
Convert -13 (base 4) to base 3.
-21
Convert -1 (base 5) to base 9.
-1
What is -21001 (base 3) in base 8?
-276
What is 8 (base 13) in base 7?
11
0 (base 2) to base 5
0
Convert 7 (base 9) to base 7.
10
b (base 15) to base 5
21
What is -122 (base 5) in base 8?
-45
-1000000 (base 2) to base 8
-100
-78 (base 15) to base 7
-221
7 (base 10) to base 7
10
Convert 2a (base 13) to base 12.
30
Convert 214 (base 6) to base 3.
10001
Convert 3a (base 11) to base 7.
61
-7 (base 8) to base 5
-12
Convert 1 (base 7) to base 6.
1
What is 3 (base 9) in base 14?
3
Convert 24 (base 15) to base 4.
202
What is -1011 (base 2) in base 4?
-23
What is 14 (base 12) in base 7?
22
-3 (base 5) to base 7
-3
-100000 (base 2) to base 12
-28
11 (base 5) to base 15
6
11 (base 13) to base 7
20
Convert -4 (base 10) to base 15.
-4
What is 345 (base 6) in base 11?
115
Convert 1022 (base 3) to base 16.
23
-84 (base 15) to base 10
-124
What is -164 (base 9) in base 7?
-256
62 (base 16) to base 12
82
Convert 3 (base 6) to base 11.
3
Convert 5 (base 13) to base 4.
11
Convert -115 (base 6) to base 2.
-101111
Convert 0 (base 9) to base 13.
0
What is -3 (base 10) in base 2?
-11
8 (base 13) to base 8
10
-2 (base 3) to base 13
-2
What is 2 (base 13) in base 2?
10
-1 (base 12) to base 15
-1
Convert 2b (base 14) to base 16.
27
What is 544 (base 6) in base 11?
17a
0 (base 8) to base 11
0
-22 (base 4) to base 3
-101
What is -131 (base 6) in base 13?
-43
1 (base 2) to base 5
1
21 (base 3) to base 10
7
Convert 7 (base 11) to base 4.
13
Convert 15 (base 7) to base 11.
11
What is -10 (base 15) in base 4?
-33
What is -11011 (base 4) in base 8?
-505
What is -42 (base 5) in base 11?
-20
What is 1 (base 7) in base 4?
1
Convert 4 (base 16) to base 12.
4
What is 0 (base 3) in base 2?
0
-1a (base 15) to base 3
-221
What is 6c (base 15) in base 12?
86
Convert 3 (base 7) to base 4.
3
What is -21 (base 10) in base 11?
-1a
What is 6 (base 9) in base 10?
6
-1 (base 12) to base 13
-1
-100111 (base 2) to base 15
-29
Convert -21 (base 9) to base 16.
-13
Convert 5 (base 12) to base 6.
5
Convert 33 (base 6) to base 16.
15
Convert -1 (base 8) to base 13.
-1
Convert -2 (base 13) to base 6.
-2
What is 2 (base 8) in base 13?
2
What is -10 (base 5) in base 16?
-5
-10100000 (base 2) to base 8
-240
What is -162 (base 10) in base 15?
-ac
Convert c3 (base 13) to base 16.
9f
24 (base 14) to base 11
2a
Convert 131 (base 13) to base 16.
d1
0 (base 16) to base 12
0
What is -212 (base 3) in base 7?
-32
-1 (base 8) to base 11
-1
11 (base 2) to base 5
3
What is 22 (base 6) in base 5?
24
What is 1114 (base 5) in base 14?
b5
What is 50 (base 7) in base 14?
27
2a (base 13) to base 16
24
What is 111 (base 3) in base 2?
1101
Convert 14 (base 16) to base 13.
17
-1 (base 12) to base 3
-1
Convert 11 (base 8) to base 6.
13
What is 86 (base 13) in base 6?
302
What is 6 (base 7) in base 13?
6
-64 (base 12) to base 5
-301
What is 0 (base 14) in base 3?
0
118 (base 9) to base 16
62
Convert 111 (base 2) to base 3.
21
What is 17 (base 9) in base 7?
22
What is -17 (base 15) in base 12?
-1a
16 (base 14) to base 4
110
11 (base 2) to base 9
3
What is -17 (base 11) in base 10?
-18
What is 0 (base 15) in base 14?
0
What is 10 (base 3) in base 14?
3
What is 3 (base 11) in base 3?
10
What is -6 (base 16) in base 6?
-10
What is -100 (base 6) in base 7?
-51
Convert 22 (base 6) to base 14.
10
-12 (base 12) to base 14
-10
-1 (base 11) to base 2
-1
What is 40 (base 5) in base 7?
26
-52 (base 10) to base 13
-40
Convert 54 (base 6) to base 13.
28
What is 2 (base 5) in base 15?
2
21 (base 4) to base 13
9
-23 (base 8) to base 3
-201
Convert 2 (base 10) to base 13.
2
What is 0 (base 12) in base 3?
0
What is 113 (base 4) in base 9?
25
0 (base 14) to base 2
0
Convert -2 (base 7) to base 12.
-2
-26 (base 7) to base 14
-16
Convert -100 (base 2) to base 8.
-4
-1101111 (base 2) to base 8
-157
-10 (base 5) to base 8
-5
-4 (base 6) to base 12
-4
Convert -63 (base 15) to base 9.
-113
What is 54 (base 14) in base 11?
68
Convert 57 (base 10) to base 2.
111001
What is -1 (base 5) in base 7?
-1
Convert -2 (base 8) to base 9.
-2
Convert 210 (base 9) to base 14.
c3
Convert -47 (base 12) to base 6.
-131
What is 12 (base 6) in base 16?
8
Convert -19 (base 11) to base 8.
-24
Convert 13 (base 6) to base 12.
9
24 (base 14) to base 10
32
What is -b (base 16) in base 4?
-23
110 (base 5) to base 16
1e
What is -4 (base 11) in base 12?
-4
What is -11 (base 2) in base 12?
-3
What is -75 (base 8) in base 16?
-3d
What is -2 (base 14) in base 13?
-2
What is -1a1 (base 14) in base 13?
-1cc
What is 30 (base 9) in base 2?
11011
What is 11002 (base 3) in base 13?
86
Convert -6 (base 8) to base 6.
-10
89 (base 14) to base 6
321
-6 (base 11) to base 2
-110
Convert 133 (base 5) to base 10.
43
Convert 22 (base 3) to base 6.
12
Convert 100 (base 2) to base 5.
4
Convert -1 (base 5) to base 2.
-1
What is 4 (base 9) in base 14?
4
What is -111 (base 6) in base 15?
-2d
Convert -10 (base 2) to base 15.
-2
What is -142 (base 6) in base 14?
-46
What is -9 (base 12) in base 11?
-9
Convert 1 (base 12) to base 10.
1
Convert -7 (base 11) to base 15.
-7
What is 2110 (base 3) in base 15?
46
What is -5 (base 11) in base 12?
-5
Convert -51 (base 11) to base 3.
-2002
What is -1 (base 4) in base 7?
-1
Convert -100 (base 8) to base 16.
-40
What is -22 (base 4) in base 6?
-14
97 (base 11) to base 4
1222
7 (base 9) to base 7
10
10 (base 7) to base 2
111
-5 (base 7) to base 6
-5
Convert -85 (base 11) to base 12.
-79
Convert -6a (base 15) to base 10.
-100
What is 3 (base 13) in base 16?
3
-91 (base 11) to base 8
